{"id":226,"date":"2026-01-27T20:52:30","date_gmt":"2026-01-27T19:52:30","guid":{"rendered":"https:\/\/www.hookedonbooks.at\/index.php\/?page_id=226"},"modified":"2026-01-30T18:50:12","modified_gmt":"2026-01-30T17:50:12","slug":"impressum-datenschutz","status":"publish","type":"page","link":"https:\/\/www.hookedonbooks.at\/index.php\/impressum-datenschutz\/","title":{"rendered":"Impressum &#038; Datenschutz"},"content":{"rendered":"\n<p><strong>Medieninhaber\/Herausgeber:<\/strong><\/p>\n\n\n\n<p>Inhaber: Katharina und Peter Petschenig<\/p>\n\n\n\n<p>Apfelgasse 40<br>3423 St. Andr\u00e4-W\u00f6rdern<br>\u00d6sterreich<\/p>\n\n\n\n<p>Telefon: +43 660 9445282<\/p>\n\n\n\n<p>Mail:&nbsp;office@hookedonbooks.at<\/p>\n\n\n\n<p><strong>Inhaltliche Verantwortung<\/strong><\/p>\n\n\n\n<p>Namentlich genannte Autor:innen werden nur nach Genehmigung ver\u00f6ffentlicht und bleiben in deren inhaltlicher Verantwortung.&nbsp;<\/p>\n\n\n\n<p><strong>Urheberrecht<\/strong><\/p>\n\n\n\n<p>Die auf dieser Website ver\u00f6ffentlichten Informationen und Bilder der Aussteller:innen sind urheberrechtlich gesch\u00fctzt. Alle Rechte bleiben vorbehalten. F\u00fcr die kommerzielle Verwendung bedarf es einer Genehmigung. F\u00fcr die Nutzung des Logos muss ebenfalls eine gesonderte Genehmigung eingeholt werden.<\/p>\n\n\n\n<p>Das HookeD-Logo wurde von Katharina Petschenig und Lisa Kauscheder erstellt.<\/p>\n\n\n\n<p><strong>Bildverweis<\/strong><\/p>\n\n\n\n<p>Die auf der Website verwendeten Bilder sind von Unsplash (<a href=\"https:\/\/unsplash.com\/de\/lizenz\" target=\"_blank\" rel=\"noopener\">Nutzungsrechte<\/a>) oder Pixabay (<a href=\"https:\/\/pixabay.com\/de\/service\/terms\/\" target=\"_blank\" rel=\"noopener\">Nutzungsrechte<\/a>) entnommen. Eine Weiterverwendung von Bildern der Aussteller:innen und Austeller ist nicht gestattet.<\/p>\n\n\n\n<p><strong>Haftung<\/strong><\/p>\n\n\n\n<p>Die ver\u00f6ffentlichten Inhalte sowie die technischen Services sind sorgf\u00e4ltig recherchiert und programmiert. Dennoch wird insbesondere f\u00fcr die Richtigkeit, Aktualit\u00e4t, Vollst\u00e4ndigkeit und Verf\u00fcgbarkeit der gebotenen Informationen\/Services keine Gew\u00e4hrleistung\/Haftung \u00fcbernommen. Alle Angaben erfolgen ohne Gew\u00e4hr. Eine Haftung f\u00fcr Sch\u00e4den, die sich durch hier ver\u00f6ffentlichte Inhalte oder Services ergeben, durch die Betreiber der Website sowie Autorinnen und Autoren ist ausgeschlossen.&nbsp;<\/p>\n\n\n\n<p>Wir bem\u00fchen uns, Probleme beim Abruf der Informationen\/Services aufgrund von St\u00f6rungen oder Inkompatibilit\u00e4ten so gering wie m\u00f6glich zu halten. Es ist allerdings nicht ausgeschlossen, dass Daten und Angaben des Selbsttests nicht oder fehlerhaft angezeigt werden. Wir \u00fcbernehmen keine Haftung, dass unser Dienst nicht unterbrochen oder anderweitig durch St\u00f6rungen beeintr\u00e4chtigt wird.<\/p>\n\n\n\n<p>Wir behalten uns das Recht vor, jederzeit und ohne Vorank\u00fcndigung hier angebotene Informationen\/Services zu \u00e4ndern, zu erg\u00e4nzen, zu l\u00f6schen oder den Internetauftritt g\u00e4nzlich oder vor\u00fcbergehend einzustellen.<\/p>\n\n\n\n<p><strong>Verweise<\/strong><\/p>\n\n\n\n<p>Links zu Inhalten auf Internetseiten Dritter wurden von den Betreibern der Website unter Beachtung der Sorgfaltspflicht gesetzt. Deren Inhalt, Richtigkeit, Aktualit\u00e4t, Vollst\u00e4ndigkeit und Verf\u00fcgbarkeit liegt nicht in unserem Einflussbereich und ist aufgrund der Dynamik von Internetseiten eine kontinuierliche Pr\u00fcfung s\u00e4mtlicher verlinkter Inhalte nicht m\u00f6glich. F\u00fcr etwaige Sch\u00e4den aus der Nutzung bzw. Nichtnutzung externer Angebote haften ausschlie\u00dflich die jeweiligen Anbieter:innen. Wir \u00fcbernehmen hierf\u00fcr keine Gew\u00e4hrleistung\/Haftung.<\/p>\n\n\n\n<p><strong>Internetrichtlinien (Policy)<\/strong><\/p>\n\n\n\n<p>Informationen um den Mailverkehr zu gew\u00e4hrleisten<\/p>\n\n\n\n<p>Mails, welche Anh\u00e4nge gr\u00f6\u00dfer als 50 MBytes enthalten, werden nicht angenommen. Weiters werden Mails die Viren oder sonstige fragw\u00fcrdige Inhalte haben blockiert. Mails mit Archivdateien (z.B. .zip), welche Ordner mit mehr als 10 Verschachtelungstiefen enthalten oder Pr\u00fcfsummen-Fehler aufweisen, sowie kennwortgesch\u00fctzte Archive werden nicht angenommen. Eine SPF-Pr\u00fcfung (Sender Policy Framework) wird vor der Zustellung durchgef\u00fchrt. Mails, welche den SPF-Richtlinien der versendenden Stelle (Absender-Domain) nicht entsprechen (hardfail), werden nicht angenommen.<\/p>\n\n\n\n<p>Anh\u00e4nge mit folgenden Formaten (Dateiendungen) werden nicht angenommen<\/p>\n\n\n\n<p>.scr .vbs .bat .ink .pif .com .exe .cpl .wsh .ocx .asp .reg<\/p>\n\n\n\n<p><strong>Datenschutzerkl\u00e4rung<\/strong><\/p>\n\n\n\n<p><strong>Links zu Webseiten anderer Anbieter:innen<\/strong><\/p>\n\n\n\n<p>Unser Online-Angebot enth\u00e4lt Links zu Webseiten anderer Anbieter:innen. Wir haben keinen Einfluss darauf, ob diese Anbieter:innen die Datenschutzbestimmungen einhalten.<\/p>\n\n\n\n<p><strong>Profiling<\/strong><\/p>\n\n\n\n<p>Es ist keine automatisierte Entscheidungsfindung (Profiling) vorgesehen.<\/p>\n\n\n\n<p><strong>Minderj\u00e4hrigenschutz<\/strong><\/p>\n\n\n\n<p>Personen unter 14 Jahren sollten ohne Zustimmung der Eltern oder Erziehungsberechtigten keine personenbezogenen Daten an uns \u00fcbermitteln. Wir fordern keine personenbezogenen Daten von Kindern und Jugendlichen an. Wissentlich sammeln wir solche Daten nicht und geben sie auch nicht an Dritte weiter.<\/p>\n\n\n\n<p>Bei einem Angebot von Diensten der Informationsgesellschaft, das einem Kind direkt gemacht wird, ist die Einwilligung gem\u00e4\u00df Art. 6 Abs. 1 lit. a DSGVO zur Verarbeitung der personenbezogenen Daten des Kindes rechtm\u00e4\u00dfig, wenn das Kind das vierzehnte Lebensjahr vollendet hat.<\/p>\n\n\n\n<p><strong>Zwecke der Datenverarbeitung<\/strong><\/p>\n\n\n\n<p>In der Regel werden folgende personenbezogene Daten verarbeitet:<\/p>\n\n\n\n<ul class=\"wp-block-list\">\n<li>Nutzerin oder Nutzer der Webseite:<\/li>\n<\/ul>\n\n\n\n<p><strong>Serverlogs<\/strong><\/p>\n\n\n\n<p>Jeder Ihrer Zugriffe auf die Webseite des wird in einer Protokolldatei (Serverlogs) f\u00fcr eine begrenzte Zeit mit folgenden Daten gespeichert:<\/p>\n\n\n\n<ul class=\"wp-block-list\">\n<li>IP-Adresse der\/des Anfragenden<\/li>\n\n\n\n<li>Anfragedetails und Zieladresse<\/li>\n\n\n\n<li>Name der abgerufenen Datei und \u00fcbertragene Datenmenge<\/li>\n\n\n\n<li>Datum und Uhrzeit des Abrufs<\/li>\n\n\n\n<li>Meldung, ob der Abruf erfolgreich war<\/li>\n\n\n\n<li>Bearbeitungsdauer des Requests in Mikrosekunden<\/li>\n\n\n\n<li>Verwendeter Useragent<\/li>\n\n\n\n<li>Verwendete SSL-Version<\/li>\n\n\n\n<li>Referrer<\/li>\n\n\n\n<li>Version des verwendeten http-Protokolls<\/li>\n\n\n\n<li>http-Methode<\/li>\n<\/ul>\n\n\n\n<p><strong>Cookies<\/strong><\/p>\n\n\n\n<p><strong>Was sind Cookies?<\/strong><\/p>\n\n\n\n<p>Ein Cookie ist eine kleine Textdatei, die beim Besuch einer Internetpr\u00e4senz auf Ihrem Computer oder mobilen Ger\u00e4t gespeichert wird. Mithilfe der Cookies kann sich die Website Ihre Einstellungen (wie Benutzername, Sprache usw.) f\u00fcr einen bestimmten Zeitraum merken.<\/p>\n\n\n\n<p><strong>Wie verwenden wir Cookies?<\/strong><\/p>\n\n\n\n<p>Auf der Website werden ausschlie\u00dflich technisch notwendige Cookies gesetzt.<\/p>\n\n\n\n<p><strong>Wie kann ich grunds\u00e4tzlich meine Cookies l\u00f6schen?<\/strong><\/p>\n\n\n\n<p>Falls Sie grunds\u00e4tzlich Ihre Cookies deaktivieren, l\u00f6schen oder verwalten m\u00f6chten, finden Sie an folgenden Stellen Anleitungen f\u00fcr Ihre Browser:<\/p>\n\n\n\n<ul class=\"wp-block-list\">\n<li><a href=\"https:\/\/support.google.com\/chrome\/answer\/95647?tid=311285011\" target=\"_blank\" rel=\"noopener\">Chrome: Cookies l\u00f6schen, zulassen und verwalten<\/a><\/li>\n\n\n\n<li><a href=\"https:\/\/support.mozilla.org\/de\/kb\/cookies-und-website-daten-in-firefox-loschen?tid=311285011\" target=\"_blank\" rel=\"noopener\">Firefox: Cookies und Website-Daten l\u00f6schen<\/a><\/li>\n\n\n\n<li><a href=\"https:\/\/support.apple.com\/de-at\/guide\/safari\/sfri11471\/mac?tid=311285011\" target=\"_blank\" rel=\"noopener\">Safari: L\u00f6schen von Cookies<\/a><\/li>\n\n\n\n<li><a href=\"https:\/\/support.microsoft.com\/de-de\/microsoft-edge\/cookies-in-microsoft-edge-l%C3%B6schen-63947406-40ac-c3b8-57b9-2a946a29ae09\" target=\"_blank\" rel=\"noopener\">Microsoft Edge: Cookies l\u00f6schen<\/a><\/li>\n<\/ul>\n\n\n\n<p><strong>Webstatistics\/Analysetool Matomo<\/strong><\/p>\n\n\n\n<p>Zu statistischen Auswertung der Besuche auf der Webseite, verwenden wir ein internes Statistik-Tool. Die statistische Auswertung erfolgt \u00fcber die Log Files, welche die IP-Adressen, Datum und Uhrzeit, Browsertyp und -version, Betriebssystem des Rechners und die Webseite der einlangenden Anforderung enthalten. Die Daten werden anonymisiert und auf Dauer des Betriebes der Webseite auf diesem Server in Form einer anonymisierten Webzugriffsstatistik gespeichert. Im Gegensatz zu anderen Statistikprogrammen werden hierbei keine Cookies verwendet und keine Daten an einen fremden Server \u00fcbermittelt. Die Software ist auf unseren eigenen und angemieteten Servern mit Standort \u00d6sterreich installiert und es findet keine \u00dcbertragung von Daten ins Ausland statt. Wenn die Webseite von unseren Servern gel\u00f6scht wird, werden auch automatisch die anonymisierten Daten der Webanalysesoftware gel\u00f6scht.<\/p>\n\n\n\n<p>Unsere Web-Seite nutzt transiente Cookies; solche werden automatisch nach Schlie\u00dfung des Browsers oder durch \u201eausloggen\u201c gel\u00f6scht. Dazu z\u00e4hlen insbesondere Session-Cookies, womit eine sog. Session-ID, mit welcher sich verschiedene Anfragen Ihres Browsers der gemeinsamen Sitzung zuordnen lassen, gespeichert werden. Aufgrund dessen kann Ihr Ger\u00e4t\/Rechner wiedererkannt werden, wenn auf die Web-Seite wieder zugegriffen wird.<\/p>\n\n\n\n<p>Um festzulegen, wie Sie Cookies nutzen, k\u00f6nnen in den jeweiligen Browser-Einstellungen Anpassungen vorgenommen werden. Beispielsweise k\u00f6nnen Sie die Annahme von Third \u2013Party-Cookies oder von allen Cookies ablehnen. Damit kann aber auch eine Funktionsbeeintr\u00e4chtigung in der Nutzung von Web-Seiten verbunden sein.<\/p>\n\n\n\n<p>F\u00fcr die Webseite&nbsp;wird das Analyse-Tool Matomo ohne Cookies verwendet. F\u00fcr die statistische Analyse zur Nutzung der Website werden jedoch Nutzungsinformationen gesendet, wobei Ihre IP-Adresse sofort anonymisiert wird. Es werden somit keine personenbezogenen Daten f\u00fcr statistische Auswertungen gespeichert.&nbsp;<a href=\"https:\/\/matomo.org\/privacy-policy\/\" target=\"_blank\" rel=\"noopener\">Matomo Privacy Policy<\/a><\/p>\n\n\n\n<ul class=\"wp-block-list\">\n<li>Personen deren Daten \u00fcber die Webseite offengelegt werden:<\/li>\n<\/ul>\n\n\n\n<p>Autorinnen bzw. Autoren sowie Ausstellerinnen und Austeller, welche Interesse daran haben, ihr gew\u00e4hltes Bild und selbst \u00fcbermittelten Informationen im Rahmen des HookeD on Books Buchevents bekannt zu geben. Die in den Formularen \u00fcbermittelten Daten werden nicht auf der Webseite verarbeitet oder an Dritte weitergegeben. Die Adressen werden genutzt, um in Absprache mit den Aussteller:innen Materialien zuzusenden. Diese werden mit der \u00d6sterreichischen Post, Hermes oder einem anderen ortsans\u00e4ssigen Lieferdienst versendet.<\/p>\n\n\n\n<ul class=\"wp-block-list\">\n<li>Personen, die ein Ticket \u00fcber den verwendeten Ticketshop beziehen bzw. diesen besuchen.<\/li>\n<\/ul>\n\n\n\n<p>Wir verwenden f\u00fcr den Online-Verkauf der Tickets den Ticketshop&nbsp;Eventfrog. Besucher, die die Webseite besuchen, bzw. den integrierten Webshop aufrufen, unterliegen den&nbsp;<a href=\"https:\/\/www.eventim-light.com\/at\/privacy-policy\" target=\"_blank\" rel=\"noreferrer noopener\">Datenschutzbestimmungen&nbsp;<\/a>bzw. den&nbsp;<a href=\"https:\/\/www.eventim-light.com\/at\/terms-and-conditions\" target=\"_blank\" rel=\"noreferrer noopener\">AGBs<\/a>&nbsp;dieses Anbieters. F\u00fcr die Verwaltung der Tickets und die Eintrittskontrolle werden Daten wie Name, Adresse und Anzahl der Tickets zwecks Verrechnung gespeichert bzw. verarbeitet. Eine Auswertung oder ein Profiling dieser Daten ist in weiterer Folge nicht vorgesehen.<\/p>\n\n\n\n<ul class=\"wp-block-list\">\n<li>Personen, welche sich bei dem Newsletter anmelden.<\/li>\n<\/ul>\n\n\n\n<p>Wir verwenden den Newsletter-Dienstleister CleverReach. Dieser setzt auf folgende Ma\u00dfnahmen, um Missbrauch zu vermeiden:<\/p>\n\n\n\n<p>Es wird der Google-Dienst reCaptcha eingesetzt, um festzustellen, ob ein Mensch oder ein Computer eine bestimmte Eingabe in unserem Kontakt- oder Newsletter-Formular macht. Google pr\u00fcft anhand folgender Daten, ob Sie ein Mensch oder ein Computer sind: IP-Adresse des verwendeten Endger\u00e4ts, die Webseite, die Sie bei uns besuchen und auf der das Captcha eingebunden ist, das Datum und die Dauer des Besuchs, die Erkennungsdaten des verwendeten Browser- und Betriebssystem-Typs, Google-Account, wenn Sie bei Google eingeloggt sind, Mausbewegungen auf den reCaptcha-Fl\u00e4chen sowie Aufgaben, bei denen Sie Bilder identifizieren m\u00fcssen. Rechtsgrundlage f\u00fcr die beschriebene Datenverarbeitung ist Art. 6 Abs. 1 lit. f Datenschutz-Grundverordnung. Es besteht ein berechtigtes Interesse auf unserer Seite an dieser Datenverarbeitung, die Sicherheit unserer Webseite zu gew\u00e4hrleisten und uns vor automatisierten Eingaben (Angriffen) zu sch\u00fctzen.<\/p>\n\n\n\n<p>Unser kostenloser Newsletter informiert Sie regelm\u00e4\u00dfig per E-Mail \u00fcber Neuigkeiten rund um das HookeD on Books Buchevent. Ihre hier eingegebenen Daten werden lediglich zur Personalisierung des Newsletters verwendet und nicht an Dritte weitergegeben. Sie k\u00f6nnen sich jederzeit aus dem Newsletter heraus abmelden oder Ihre Einwilligung jederzeit per E-Mail an\u00a0<a href=\"mailto:office@hookedonbooks.at\">office@hookedonbooks.at<\/a>\u00a0widerrufen. Ihre Daten werden nach Beendigung des Newsletter-Empfangs innerhalb von 1 Monat gel\u00f6scht, sofern der L\u00f6schung keine gesetzlichen Aufbewahrungspflichten entgegenstehen. Durch Absenden der von Ihnen eingegebenen Daten willigen Sie in die Datenverarbeitung ein und best\u00e4tigen unsere Datenschutzerkl\u00e4rung.<\/p>\n\n\n\n<p>Bei Versand und Verarbeitung der \u00fcbermittelten Daten gelten die&nbsp;<a href=\"https:\/\/www.cleverreach.com\/de-de\/datenschutz\/\" target=\"_blank\" rel=\"noreferrer noopener\">Datenschutzbestimmungen&nbsp;<\/a>des Newsletter-Dienstleisters&nbsp;<a href=\"https:\/\/www.cleverreach.com\/de-de\/\" target=\"_blank\" rel=\"noreferrer noopener\">CleverReach<\/a>.<\/p>\n\n\n\n<p><strong>Speicherdauer<\/strong><\/p>\n\n\n\n<p>Serverlogs werden f\u00fcr eine begrenzte Zeit von 30 Tagen gespeichert.<\/p>\n\n\n\n<p>Ihre Daten d\u00fcrfen von den Betreibern der Website im Falle einer Archivierung zeitlich unbegrenzt, bei einer gesetzlichen Aufbewahrungsfrist bis zu deren Ende, im Falle eines Vertrages bis zum Ende der vereinbarten Frist oder im Falle einer Einwilligung bis zum Widerruf Ihrer Einwilligung verarbeitet werden.&nbsp;<\/p>\n\n\n\n<p><strong>Widerruf der Einwilligung bzw. Daten\u00e4nderung<\/strong><\/p>\n\n\n\n<p>Falls personenbezogene Daten auf Grundlage einer Einwilligung verarbeitet werden, besteht das Recht die Einwilligung zur Datenverarbeitung jederzeit zu widerrufen. Durch den Widerruf der Einwilligung zur Datenverarbeitung wird die Rechtm\u00e4\u00dfigkeit, der aufgrund der Einwilligung bis zum Widerruf erfolgten Verarbeitungen und \u00dcbermittlungen, nicht ber\u00fchrt.<\/p>\n\n\n\n<p>Wenn Sie Ihre Daten \u00e4ndern m\u00f6chten oder eine etwaige Einwilligung widerrufen m\u00f6chten, wenden Sie sich bitte an die Betreiber der Webseite.<\/p>\n\n\n\n<p><strong>Ihre Rechte<\/strong><\/p>\n\n\n\n<p><strong>Hinweis auf Betroffenenrechte<\/strong><\/p>\n\n\n\n<p>Ihnen stehen grunds\u00e4tzlich im Sinne der DSGVO die Rechte auf Auskunft, Berichtigung, L\u00f6schung, Einschr\u00e4nkung, Daten\u00fcbertragbarkeit, Widerruf und Widerspruch zu.<\/p>\n\n\n\n<p>Bez\u00fcglich Widerruf beachten Sie bitte die Ausf\u00fchrungen betreffend die jeweilige Datenverarbeitung.<\/p>\n\n\n\n<p><strong>Sie k\u00f6nnen die folgenden, Ihnen nach der&nbsp;<\/strong><a href=\"http:\/\/eur-lex.europa.eu\/legal-content\/DE\/TXT\/PDF\/?uri=CELEX:32016R0679&amp;from=DE\" target=\"_blank\" rel=\"noopener\"><strong>Datenschutz-Grundverordnung<\/strong><\/a><strong>&nbsp;zustehenden Rechte mittels formlosen Antrags an die Betreiber der Website wahrnehmen:<\/strong><\/p>\n\n\n\n<ul class=\"wp-block-list\">\n<li>Sie haben das&nbsp;<em>Recht auf Auskunft<\/em>, d.h. Sie k\u00f6nnen eine Best\u00e4tigung dar\u00fcber verlangen, ob Daten, die sich auf Ihre Person beziehen, verarbeitet werden. Ist dies der Fall, haben Sie das Recht, \u00fcber die verarbeiteten personenbezogenen Daten informiert zu werden (Art.&nbsp;15 DSGVO).<\/li>\n\n\n\n<li>Wenn die Daten, die sich auf Ihre Person beziehen, unrichtig verarbeitet werden, haben Sie das&nbsp;<em>Recht, Berichtigung zu verlangen<\/em>. Stellen Sie fest, dass die Daten unvollst\u00e4ndig verarbeitet werden, k\u00f6nnen Sie die Vervollst\u00e4ndigung der Daten verlangen (Art.&nbsp;16 DSGVO).<\/li>\n\n\n\n<li>Sie haben das&nbsp;<em>Recht zu verlangen, dass die sich auf Ihre Person beziehenden Daten unverz\u00fcglich gel\u00f6scht&nbsp;<\/em>werden (Art.&nbsp;17 DSGVO); diesem Verlangen muss entsprochen werden, wenn die in dieser Bestimmung geregelten Voraussetzungen vorliegen.<\/li>\n\n\n\n<li>Im Fall, dass die Berichtigung oder L\u00f6schung aus wirtschaftlichen oder technischen Gr\u00fcnden nur zu bestimmten Zeitpunkten vorgenommen werden kann, muss die Verarbeitung der betreffenden Daten bis zur Berichtigung oder L\u00f6schung eingeschr\u00e4nkt werden (<a href=\"https:\/\/www.ris.bka.gv.at\/GeltendeFassung.wxe?Abfrage=Bundesnormen&amp;Gesetzesnummer=10001597&amp;FassungVom=2018-05-26%20\" target=\"_blank\" rel=\"noopener\">&nbsp;4 Abs. 2 Datenschutzgesetz<\/a>). Einschr\u00e4nkung der Verarbeitung bedeutet, dass die sich auf Ihre Person beziehenden Daten, von der Speicherung abgesehen, nur mit Ihrer Einwilligung oder aus bestimmten gesetzlich geregelten Gr\u00fcnden weiterverarbeitet werden d\u00fcrfen.<\/li>\n\n\n\n<li>Sie haben das Recht, die Einschr\u00e4nkung der Verarbeitung Ihrer Daten zu verlangen, wenn Sie\n<ol start=\"1\" class=\"wp-block-list\">\n<li>die Richtigkeit Ihrer verarbeiteten Daten bestreiten, und zwar f\u00fcr eine Dauer, die es den Betreibern der Website erm\u00f6glicht, die Richtigkeit der personenbezogenen Daten zu \u00fcberpr\u00fcfen,<\/li>\n\n\n\n<li>statt dem Recht auf L\u00f6schung unrechtm\u00e4\u00dfig verarbeiteter Daten die Einschr\u00e4nkung der Datenverarbeitung bevorzugen,<\/li>\n\n\n\n<li>die Daten f\u00fcr Ihre Rechtsanspr\u00fcche ben\u00f6tigen und daher nicht m\u00f6chten, dass die Betreiber der Website diese l\u00f6scht, obwohl es sie f\u00fcr die Zwecke, f\u00fcr die sie erhoben wurden, nicht mehr ben\u00f6tigt (Art. 18 DSGVO).<\/li>\n<\/ol>\n<\/li>\n<\/ul>\n\n\n\n<p>Allerdings kann bei offenkundig unbegr\u00fcndeten oder \u2014 insbesondere im Fall von h\u00e4ufiger Wiederholung \u2014 exzessiven Antr\u00e4gen ein angemessenes Entgelt unter Ber\u00fccksichtigung der Verwaltungskosten verlangt werden, oder von der Erledigung Ihres Antrags Abstand genommen werden.<\/p>\n\n\n\n<p><strong>Beschwerde bei der Datenschutz-Aufsichtsbeh\u00f6rde<\/strong><\/p>\n\n\n\n<p>Sie haben das Recht auf Beschwerde bei der Datenschutz-Aufsichtsbeh\u00f6rde \u2013 das ist in \u00d6sterreich die Datenschutzbeh\u00f6rde (www.dsb.gv.at) -, wenn Sie der Ansicht sind, dass die Verarbeitung der Ihre Person betreffenden Daten gegen die Datenschutz-Grundverordnung verst\u00f6\u00dft (Art.&nbsp;77 DSGVO), gegen das Datenschutzrecht verst\u00f6\u00dft oder Ihre datenschutzrechtlichen Anspr\u00fcche sonst in einer Weise verletzt worden sind.<\/p>\n\n\n\n<p>Eine kostenlose Abfragem\u00f6glichkeit der aktuellen Rechtstexte im Rechtsinformationssystem des Bundes finden Sie unter&nbsp;<a href=\"http:\/\/www.ris.bka.gv.at\/\" target=\"_blank\" rel=\"noopener\">www.ris.bka.gv.at<\/a>.<\/p>\n","protected":false},"excerpt":{"rendered":"<p>Medieninhaber\/Herausgeber: Inhaber: Katharina und Peter Petschenig Apfelgasse 403423 St. Andr\u00e4-W\u00f6rdern\u00d6sterreich Telefon: +43 660 9445282 Mail:&nbsp;office@hookedonbooks.at Inhaltliche Verantwortung Namentlich genannte Autor:innen werden nur nach Genehmigung ver\u00f6ffentlicht und bleiben in deren inhaltlicher Verantwortung.&nbsp; Urheberrecht Die auf dieser Website ver\u00f6ffentlichten Informationen und Bilder der Aussteller:innen sind urheberrechtlich gesch\u00fctzt. Alle Rechte bleiben vorbehalten. F\u00fcr die kommerzielle Verwendung bedarf es [&hellip;]<\/p>\n","protected":false},"author":1,"featured_media":172,"parent":0,"menu_order":0,"comment_status":"closed","ping_status":"closed","template":"","meta":{"footnotes":""},"class_list":["post-226","page","type-page","status-publish","has-post-thumbnail","hentry"],"_links":{"self":[{"href":"https:\/\/www.hookedonbooks.at\/index.php\/wp-json\/wp\/v2\/pages\/226","targetHints":{"allow":["GET"]}}],"collection":[{"href":"https:\/\/www.hookedonbooks.at\/index.php\/wp-json\/wp\/v2\/pages"}],"about":[{"href":"https:\/\/www.hookedonbooks.at\/index.php\/wp-json\/wp\/v2\/types\/page"}],"author":[{"embeddable":true,"href":"https:\/\/www.hookedonbooks.at\/index.php\/wp-json\/wp\/v2\/users\/1"}],"replies":[{"embeddable":true,"href":"https:\/\/www.hookedonbooks.at\/index.php\/wp-json\/wp\/v2\/comments?post=226"}],"version-history":[{"count":4,"href":"https:\/\/www.hookedonbooks.at\/index.php\/wp-json\/wp\/v2\/pages\/226\/revisions"}],"predecessor-version":[{"id":284,"href":"https:\/\/www.hookedonbooks.at\/index.php\/wp-json\/wp\/v2\/pages\/226\/revisions\/284"}],"wp:featuredmedia":[{"embeddable":true,"href":"https:\/\/www.hookedonbooks.at\/index.php\/wp-json\/wp\/v2\/media\/172"}],"wp:attachment":[{"href":"https:\/\/www.hookedonbooks.at\/index.php\/wp-json\/wp\/v2\/media?parent=226"}],"curies":[{"name":"wp","href":"https:\/\/api.w.org\/{rel}","templated":true}]}}